2 + -1 + 4))
1
What is -5 + (1 - 5) + (-10 - -14)?
-5
What is the value of 5 + (0 - 7) + 2?
0
-3 + -4 + 6 - 3
-4
Evaluate -3 - (1 - -3 - 4) - -5.
2
Evaluate -3 - (-9 - ((2 - 6) + 1)).
3
-2 - (0 + -4) - (-2 + 2)
2
Evaluate -392 + 386 + (13 - (-2 + 1)).
8
What is the value of 36 + -30 + 0 + -5?
1
Calculate (3 - 5) + 2 + 2.
2
What is the value of (-6 - (-2 + -4 + 3)) + 0?
-3
Evaluate (25 - 14) + -16 + 3 + -1.
-3
Evaluate 11 + -7 + (3 + -4 - -1).
4
What is -7 + (7 - 1) + -5 + 3?
-3
What is the value of -5 - (-3 + 3 + -3) - 1?
-3
What is the value of -4 + (-1 - (-6 + 2)) - 1?
-2
Calculate (0 - -6) + (-12 - (-1 - 11)).
6
What is the value of (8 - 4 - (12 + -7)) + -6?
-7
What is the value of 4 - ((-5 - -6) + 3 + -2)?
2
What is 0 - (-15 + 4 + 4 + 4)?
3
What is 1 - (1 - (0 + 1 + 0))?
1
What is the value of 4 - (4 - 2) - 7?
-5
What is the value of (8 - (0 - -5) - 2) + 2?
3
Evaluate (-1 - 8) + 6 - (-7 - 1).
5
What is 5 + (0 - (1 - -1))?
3
What is -2 + -7 + (2 - -2)?
-5
-5 + 18 - (33 - 31)
11
4 - (12 - (10 - (8 - 4)))
-2
4 + -1 - ((13 - 25) + 17)
-2
What is (-61 - -55) + 3 + -1?
-4
What is (-28 - -12) + 6 + 6?
-4
What is the value of -5 - (-6 - (-1 - 3))?
-3
Evaluate (-1 - -2) + 7 + (1 - 4).
5
54 + -66 - ((-7 - 0) + 0)
-5
1 + (6 - (8 + 1))
-2
-11 + (-5 - (-4 + -1 + -6))
-5
What is the value of (0 - 0) + (12 - 4) + -6?
2
Evaluate -3 + 11 + -2 + -2.
4
What is (-1 - -4) + -3 + -1 - 3?
-4
What is the value of -1 + 0 + -5 - (0 - 2)?
-4
What is 0 - 2 - (-2 - (6 - 9))?
-3
What is the value of (8 - 6 - -3) + -5?
0
What is the value of (-2 - 5) + 14 + -5 + -9?
-7
-6 + 10 - 7 - 4 - -2
-5
What is 9 + 0 + (-3 + -13 - -14)?
7
Evaluate -2 + 2 + -5 - 0.
-5
What is the value of (-4 + 5 - 0) + 2?
3
Calculate -29 + 25 + (0 - -2).
-2
Evaluate -20 - -17 - (-1 + -6).
4
-5 + 10 - (7 - -2 - 3)
-1
3 - (-6 + 1 - -7)
1
What is the value of 0 + (-2 - 3) + (13 - 6)?
2
What is 6 + -4 + (1 - 1) + -2?
0
2 - (-1 - (3 + -5) - 0)
1
What is -2 - -1 - -1 - (-102 + 102)?
0
What is the value of -1 - -2 - 1 - 3 - 2?
-5
What is (1 - -2) + 1 + 0 + 0?
4
What is the value of 6 + -2 - 4 - 0?
0
What is the value of 6 + (0 - (5 + -1)) - -1?
3
What is the value of 0 - -5 - (27 + -17)?
-5
5 + -12 - -5 - 0
-2
What is 6 + (-9 - (-4 - 2))?
3
0 + 9 - (-45 - -48)
6
-2 + 14 + -4 - 3
5
What is the value of 2 - 0 - (-5 - (-7 - -4))?
4
Calculate 5 - (3 + 3 + -1 + -4).
4
What is the value of 1 + 3 - (13 - 8)?
-1
Calculate 3 + -3 + -7 - -3.
-4
What is the value of 15 - (37 + -2) - -10?
-10
What is the value of -3 + (4 - -2) + (0 - -1)?
4
Calculate (-1 - 0) + 0 + -43 + 49.
5
What is the value of -10 + 4 - (-8 + 5)?
-3
Calculate 12 - ((-9 - -13) + 10).
-2
What is -1 + 3 + -3 - (-31 - -32)?
-2
Calculate (-14 - -9) + (2 - 1) - -2.
-2
What is 8 + -11 - (-1 - -5)?
-7
Evaluate (1 - 1) + 1 - 2.
-1
What is the value of -9 + (6 + -14 - -15)?
-2
Evaluate 3 + (6 - 11) + -1 + 1.
-2
What is -11 + 0 + (2 - -8)?
-1
What is -1 + 2 - (-11 - 12 - -20)?
4
(3 - 4 - (-3 - 0)) + -7
-5
What is -8 + 4 + 6 - (2 - -1)?
-1
6 + -4 - (-3 - -1)
4
Calculate 22 + -17 + 0 + -1.
4
Evaluate 1 - (-6 + 7 + -4).
4
What is the value of (-7 + 4 + -2 - 2) + 5?
-2
What is the value of (96 - 98) + (1 - 4)?
-5
Evaluate (3 - 5) + 6 - (17 - 10).
-3
Evaluate 1 + -2 + (8 + -19 - -11).
-1
What is the value of (-4 - -1) + (5 - (-1 - -1))?
2
Calculate 5 - -4 - (2 - (7 - 10)).
4
What is the value of 4 - (7 - 2 - (6 + -4))?
1
What is -7 + 4 + -1 + 6?
2
Evaluate (-5 - -1) + (3 - -3).
2
What is 2 + -12 - 2 - (160 - 167)?
-5
-5 + (2 - (-5 - -6))
-4
Evaluate -8 - -7 - ((2 - 3) + 2).
-2
Calculate -13 - (-10 - (3 - 5)).
-5
Evaluate -14 + 6 + 12 - 4.
0
(4 + -3 + -1 - 4) + 5
1
Evaluate 11 - (6 + -8 - -12).
1
-3 + -6 + (20 - 20)
-9
What is the value of 14 + -10 + (-2 - -2) + -1?
3
Evaluate 2 + (2 - (-1 + 8)).
-3
Calculate 1 - (2 + 1 - -1).
-3
Calculate (-8 - -3 - -9) + 1 + -7.
-2
-4 + (-1 - -11) - -2
8
Calculate 2 + (2 - 4) + (-2 - -2).
0
What is -3 - (4 - (3 - (3 - 2)))?
-5
What is the value of -7 + 2 + 9 - (-12 + 10)?
6
Calculate (0 - (0 + -4)) + -3 + 4.
5
What is -5 - (0 - (-8 - -14))?
1
What is the value of 19 + -16 - (2 - (-5 - 0))?
-4
What is the value of 3 - (3 + -5 + 7 + 0)?
-2
-1 + (8 - 3) + -2
2
3 - (23 - 10 - 0)
-10
Evaluate (0 - 4) + 2 - (-4 + 0).
2
What is the value of (-3 - (-9 + 5)) + 5?
6
Calculate -6 + 4 + -1 - -4.
1
What is the value of -3 + (4 - 8) - -3?
-4
Calculate 11 - 13 - (-3 - (4 + -3)).
2
What is 1 - 3 - (-31 - -33)?
-4
-13 + 4 + 1 - -6
-2
Evaluate -1 - (4 + 0) - -9.
4
What is the value of 2 - (-7 - -2 - -12 - 3)?
-2
What is the value of 13 - (4 - (-7 - -4))?
6
Calculate 0 - -1 - (2 + 7 + -5).
-3
Evaluate (-4 - -5 - -5) + -6.
0
What is 56 - 61 - (-11 - 0)?
6
1 - (4 + 0) - -3
0
Evaluate -1 + 1 + -2 + (4 - 5).
-3
1 - (1 + 0 - -2 - 1)
-1
4 + (-1 - -2) - (-4 - -4)
5
What is the value of 3 + (1 - (4 - 4))?
4
What is the value of 3 + (3 - (0 - -4 - -1))?
1
Calculate 2 - (-2 + 2 + 0).
2
Calculate -6 - (1 + -1 - (3 + 6)).
3
What is the value of 3 - (-1 - (-6 + 1))?
-1
Evaluate ((-3 - -7) + -3 - -2) + -5.
-2
What is the value of (2 - -1) + (9 + 5 - 10)?
7
Calculate 12 - 10 - 6 - -1.
-3
What is (3 - 4) + 1 - 3?
-3
Evaluate -4 - -2 - (33 + -28).
-7
Evaluate -10 - -10 - (-2 + -1).
3
What is -7 - (-3 - 5) - -3?
4
(0 - (-2 - -2)) + 30 + -33
-3
Calculate (5 - (1 + -4)) + -13.
-5
((-3 - -4) + -1 - -2) + 0
2
Evaluate 7 + (1 + -1 + -4 - 3).
0
What is the value of 2 - (7 + -1) - (-2 + 3)?
-5
What is -7 + 15 - (15 - 5)?
-2
6 + (-5 - 0) - (-5 - -1)
5
What is 5 + -9 - ((0 - 1) + 2)?
-5
Calculate -4 - (-13 + 9) - -4.
4
What is -1 - (-4 - (2 - 1)) - 6?
-2
What is the value of 21 + -16 + -7 + 4?
2
What is the value of (3 - 10 - (-16 + 12)) + 6?
3
Calculate 311 + -315 + (5 - (2 + -1)).
0
What is the value of -34 + 22 - (7 + -3 + -8)?
-8
What is the value of (-4 - -9) + -4 + 8?
9
What is (-4 - -1 - -6) + (-12 - -4)?
-5
What is the value of (-4 - -3) + -1 - (3 + -1)?
-4
What is (-4 - (-5 - (4 - 3))) + 6?
8
What is 1 - 13 - (-22 - -15)?
-5
2 + -1 - (0 + -1 + -1)
3
What is the value of 12 + 18 + -23 + (1 - 1)?
7
Evaluate -10 + 10 - (4 + -1).
-3
What is the value of 2 - (-3 + -4 + 8)?
1
What is -4 + (2 - 0 - -6)?
4
(-121 - -133) + (-1 - (3 + -1))
9
Calculate 0 - (1 + 2 - (5 - 2)).
0
0 - -3 - (-75 - -77)
1
Evaluate -4 + -1 - 8 - -12.
-1
Evaluate 0 - (0 - (-5 + 2) - 8).
5
Evaluate -7 + 0 - (-41 - -39).
-5
Evaluate 0 - 2 - (-1 - 3).
2
What is 0 + -2 - -5 - (3 + 1)?
-1
Evaluate 3 + (-1 - (3 + -8)) + -9.
-2
What is -6 + 9 + (-10 - -2)?
-5
What is -11 + 7 - -7 - 7?
-4
Calculate (0 - 5) + (2 - (-2 + -1)).
0
What is 3 - -2 - (1 + 1)?
3
(-3 - (-2 - (-3 - -12))) + -3
5
Evaluate -2 + 17 + -6 + -1.
8
What is the value of -136 - -129 - (1 - 6)?
-2
What is the value of 2 - ((5 - 4) + -2)?
3
What is the value of 5 + (-5 - (-6 + 5)) + -6?
-5
What is the value of (4 + -4 - (-3 + -1)) + -5?
-1
What is -12 - (0 - 5 - 3)?
-4
Calculate 0 + 4 + -7 + 4 - 5.
-4
Evaluate -20 + 20 + (8 - 1).
7
Calculate 6 - (9 - 3) - 1.
-1
What is (-47 - -47) + -2 + 7 + -2?
3
Evaluate -2 + 2 + -5 + -1 + 2.
-4
What is the value of 4 + -1 + 6 - (0 + 3)?
6
Evaluate -7 + 1 - ((-8 - -9) + -5).
-2
What is the value of (2 - -2) + -3 + 0?
1
2 + -8 - (-2 - 9)
5
Calculate (4 - 3) + -5 + 0.
-4
What is the value of 6 + -7 + 5 + -4 - -8?
8
11 + -19 + (3 - -4)
-1
Evaluate 2 + (0 - 6 - (0 - 3)).
-1
What is the value of (-2 - 0) + (24 - 21)?
1
2 + (2 - (-4 + 5))
3
Calculate 4 - (1 + 8 - (30 - 25)).
0
Evaluate 5 - -3 - (4 - 2).
6
(5 - (-3 - -5)) + (-2 - -4)
5
Evaluate (5 - (1 - (1 - 2))) + -4.
-1
Calculate -10 - -4 - (1 - 3).
-4
(-3 - 0) + -2 + 9
4
What is the value of 5 + -10 + 0 - (-15 - 0)?
10
What is -9 + -2 + 6 - -3?
-2
-12 + (-13 - -22) - -11
8
What is 10 + -10 - (-4 - -4)?
0
10 + -9 + -1 - -8
8
0 - 0 - -2 - (6 - 2)
-2
Evaluate -6 - ((1 - 5 - 4) + 3).
-1
Evaluate -10 - (-1 + -9 - -2).
-2
(6 - 4) + 3 + -9
-4
Calculate 2 + 0 + (5 - 4).
3
What is the value of 1 + 2 + (7 - (10 + -2))?
2
3 - 1 - 6 - (-1 + -1)
-2
Calculate -1 - -4 - (0 - -6 - 8).
5
Calculate (3 - 7) + 3 + -1 + 1.
-1
What is (1 - -2) + -3 + -8?
-8
Evaluate (-1 - 5) + 11 + 2 - 1.
6
What is (2 - (-3 + 4) - -1) + 0?
2
-2 - (-7 - (-3 - 0))
2
Evaluate -2 + 3 + (0 - -2).
3
-7 - (0 + 1 - (-16 - -21))
-3
What is -4 + 3 + (0 - (-3 - 0))?
2
5 + (7 - 9 - 1) - -6
8
Evaluate -4 + 